s?
1
What is the tens digit of 156 - -2 - 1/(-6 - -7)?
5
Let h(m) = m**3 + 8*m**2 + 7*m + 7. Suppose f - 39 = 3*f + 5*s, 60 = -5*f - 5*s. What is the units digit of h(f)?
7
Let c(i) = i**2 - 8*i - 7. Let v be c(9). Suppose -5*q + 130 = 6*b - v*b, -5*b + 3 = -q. What is the units digit of q?
2
Let x = 9 + 0. Suppose 0 = -3*o + x - 21. What is the tens digit of 14/(o*(-2)/12)?
2
Suppose 3*s = 6*s - 2241. What is the tens digit of s?
4
Let c(y) = 5*y**2 + 21*y + 1. What is the hundreds digit of c(-16)?
9
Let d = 3895 - 2755. What is the hundreds digit of d?
1
Let o be 5 + 90 + 6/(-2). Let h = -1 + 1. Suppose 4*s - o = -h*s. What is the tens digit of s?
2
Let d = -19 - -21. Suppose v - 135 = -d*h, -4*v = -h + 34 - 529. Suppose -q - v = -6*q. What is the units digit of q?
5
What is the tens digit of ((-4388)/10)/(19/(-95))?
9
Let m be (-1)/1 - (-67 + -3 + 1). Let b = m - 6. What is the units digit of b?
2
Let u = 5991 - 4090. What is the thousands digit of u?
1
Let s be 8/(-6) - 3055/15. Let t = -94 - s. Suppose -4*f = -5*g - t, -2*f - 6*g + 93 = -g. What is the units digit of f?
4
Let n(w) = 3*w**2 + 4*w - 5. Suppose 3 = -3*z + 18. What is the tens digit of n(z)?
9
Let v(y) = 2*y - 19. Let b be (4 - -7)/(0 + 1). What is the units digit of v(b)?
3
Let a(u) = u**3 + u - 6. Let k be a(0). Let c(t) be the second derivative of -t**3/6 + 2*t**2 - 27*t. What is the tens digit of c(k)?
1
Let q(x) = x**2 + 6*x + 8. Let v be q(-6). Suppose -2*a - 180 = -v*a. What is the tens digit of a?
3
Let g = 19 - 3. Suppose g*z - 256 = 12*z. What is the tens digit of z?
6
Suppose o + 2 = 4. Let f be 70/(0 + o) + 1. Suppose -m + f = m. What is the units digit of m?
8
Let i(a) = a + 2. Let k be i(2). Let l(u) = 2*u**2 - 2*u. Let m be l(-3). Suppose k*g = -0*c - c + m, c = -3*g + 20. What is the units digit of c?
8
Let w be (-9976)/40 - (-4)/10. Let y = -134 - w. What is the tens digit of y?
1
Let z(s) = -2*s - 8. Let f be ((-162)/(-45))/(3/(-10)). What is the tens digit of z(f)?
1
Suppose -5*k = -3*r - k + 1263, 4*r + k = 1703. What is the tens digit of r?
2
Let c be ((-5840)/(-11))/5 - 2/11. Let f(u) = 47*u - 1. Let b be f(-1). Let j = b + c. What is the tens digit of j?
5
Let o(n) = n**2 + n - 20. Let w be o(6). Let z = 275 + w. What is the tens digit of z?
9
Let q(a) = -7*a + 1. Let n be q(3). Let z be (-348)/(-15)*n/(-8). Suppose -4*g = -2*y + z, 2*y - 93 = -4*g + g. What is the units digit of y?
9
Let p = 877 - 266. What is the units digit of p?
1
Let q(x) be the second derivative of x**3/2 - x**2 - 3*x. Let v be q(2). Suppose 0 = 4*u - 3*y - 121, u + v*u - 143 = y. What is the tens digit of u?
2
Let b = 11 + -8. Let w(o) = -o**2 + 5*o. Let i be w(5). Suppose 0 = 5*z + l - 47, -3*z - b*l + i*l = -21. What is the units digit of z?
0
Let s = 128 - 126. What is the units digit of 54/s + 13 + -9?
1
Let c be -4 - (-24 - 0 - 0). Let r = c + -18. Suppose -2*n = r*w - 90, -w - 3*w + 4 = 0. What is the tens digit of n?
4
Suppose -l + 0*o - 4*o + 117 = 0, -o + 126 = l. Suppose 5*z = l + 121. What is the tens digit of z?
5
What is the thousands digit of (7 + -12 + 10)/5 - -3129?
3
Suppose -59*n = 31*n - 340020. What is the tens digit of n?
7
Suppose 68 = 2*y - 232. Suppose 2*z = -3*z + y. What is the units digit of 48/z*(-5)/(-1)?
8
Let z = -116 + 98. Let k = -8 + -21. Let r = z - k. What is the units digit of r?
1
Let k(l) = -l**3 + 16*l**2 + 21*l - 26. What is the units digit of k(16)?
0
Let h(p) = p**3 - 13*p**2 - 3*p + 11. Let f(c) = c**3 + 1. Let g(m) = -2*f(m) + h(m). Suppose -4*b = b + 65. What is the units digit of g(b)?
8
Let j be 14 + 4/(4/4). Suppose 3*n + j = 243. What is the tens digit of n?
7
Let j = -101 - -196. Suppose -5*w + 6*k - k = -j, -9 = 3*k. What is the tens digit of w?
1
Let l = -42 - -404. What is the tens digit of l?
6
Suppose -42*w + 3 = -41*w. Suppose 7*n - 5 = 6*n + c, 27 = 4*n + w*c. What is the units digit of n?
6
Let z = 127 + -76. Suppose -7*a + z = -5. Suppose -a*m + 9*m - 33 = 0. What is the tens digit of m?
3
Suppose -1518 = -3*j - 3*g, 2*j = 4*g + 259 + 777. Suppose 0 = -l - 5*m + 111, -l = -5*l + 2*m + j. What is the units digit of l?
6
Let h(d) be the second derivative of d**4/12 - d**3/2 + 19*d**2/2 - 14*d. What is the units digit of h(6)?
7
Suppose -2*k = -4*u - 24, 4*k + 1 = -u + 13. Suppose -k*t - 6 - 2 = 0. What is the tens digit of (6/(-6))/(t/82)?
4
Let j = 13 + -19. Let w be -3 + -1 - j - -89. Let i = w + -42. What is the tens digit of i?
4
Let u(n) be the first derivative of n**3/3 - n**2/2 - 7. Let z be u(0). Suppose 0 = -z*c + c + 1, -5*c = -3*h + 71. What is the units digit of h?
2
Suppose -3*z - 18 = 3*z. What is the units digit of 0 + 66 + -5 + z/1?
8
Suppose -f + 6*f - o - 218 = 0, -5*f - 5*o + 200 = 0. Suppose 5*d = z + 5, d + f = 4*z + 120. Let u = 58 + z. What is the tens digit of u?
3
Let x be 2/((-3)/(45/(-5))). Suppose 3*u = -g + 59, 3*g + 2*u = x*u + 203. What is the units digit of g?
5
Suppose 2*q + 671 = x, 0*x - 5*x + 3400 = -q. What is the tens digit of x?
8
Let p = -324 - -477. Let z = p - 57. What is the tens digit of z?
9
Let u be -3 - (0 + 1)/((-6)/30). Suppose -3*c + 289 = 2*t - 171, -2*t + 148 = c. Suppose -u*f = 2*f - c. What is the tens digit of f?
3
Let o(r) = -r - 11. Let k be o(-14). What is the hundreds digit of (41 - 0)/(0 + 1/k)?
1
Let l(y) = -y**3 - 7*y**2 + 6*y - 36. What is the units digit of l(-12)?
2
Let i(q) = q**2 - 16*q + 21. Let n be i(15). Let h = 64 - n. What is the units digit of h?
8
Let d(t) = 21*t - 17. Let n(l) = 11*l - 8. Let w(a) = 2*d(a) - 5*n(a). What is the tens digit of w(-3)?
4
Let x be 8 - ((1 - 0) + 1). Suppose -x*m = -11*m. Suppose m*r = -4*r + 96. What is the units digit of r?
4
Let x = -60 + 64. Suppose -4*d = -u - 395 - 121, 258 = 2*d + x*u. What is the units digit of d?
9
Let p(u) be the first derivative of u**5/15 - u**4/8 - u**3/2 - u**2/2 + 5. Let z(s) be the second derivative of p(s). What is the units digit of z(3)?
4
Let n(r) = -r**3 + 14*r**2 - 10*r - 28. Let f be n(13). Suppose v - g - f = -2*g, g + 21 = 3*v. What is the units digit of v?
8
Let p be -1 - 1/(18/(-8) - -2). Suppose 4 = -4*x - 0. What is the units digit of -17*(0/x - p)?
1
Let w(r) = -3*r**3 - 4*r**2 - 3*r. What is the units digit of w(-6)?
2
Suppose 0 = -2*l + 2*w + 136, -57 = -3*l + 2*w + 152. Let n = 48 + l. What is the tens digit of n?
2
Let q = 9 + -11. Let u be q/5 - 34/(-10). Suppose 4*g - 2*n = 0, u + 0 = -g + 2*n. What is the units digit of g?
1
Let t = 14 + 1. Let s = t - 6. What is the units digit of s?
9
Suppose -y = -7 - 45. Let d = y + -7. What is the tens digit of d?
4
Let o(b) = 2 - 2 + 10*b + 8 - 1. What is the tens digit of o(5)?
5
Let z(n) = -n**2 - 12*n - 10. Let j be z(-4). Let d = 79 - j. What is the tens digit of d?
5
Let k be (-4)/(-16) - (-83)/4. Suppose 23*x = k*x + 126. Suppose -2*q + x = 9. What is the tens digit of q?
2
Let x(a) = a**2 - 7*a - 9. Suppose -9*q - 8 = -10*q. Let n be x(q). Let s = 15 + n. What is the tens digit of s?
1
Let k be 3/((-1028)/520 - -2). Suppose k = 14*t - 9*t. What is the units digit of t?
6
Suppose -10*v + 1 = -49. Suppose 130 = v*s + j, 3*s - 3*j - 18 = 60. What is the units digit of s?
6
Suppose -17 = n - 373. Suppose -4*t = -2*i - n, i - t = 4*i + 506. Let o = -107 - i. What is the units digit of o?
3
Let t(i) = i**3 - 20*i**2 + 26*i - 186. What is the hundreds digit of t(20)?
3
Let g = 2 + 5. Let a(y) = 0*y + 3*y - 3 + y. What is the units digit of a(g)?
5
Let i(u) = -u**3 + 4*u**2 - 2*u - 2. Let v be i(2). Let w = v + -2. Suppose -9 = -3*a - w. What is the units digit of a?
3
Let l(x) = 3*x**2 + 3 + 2 + x + 2. What is the tens digit of l(3)?
3
Let g be 150/(-4)*(-4)/6. Let s = 31 - g. Suppose s*t - 46 = 5*t. What is the units digit of t?
6
Suppose 242 = x + 4*j, 994 = 4*x - 0*j + 3*j. Suppose 5*s = 5*a + x, -3*s + 3*a = -s - 98. Let h = s - 27. What is the units digit of h?
5
Let s = 1737 + -530. What is the hundreds digit of s?
2
Let b = 14 + -14. Let s be 83 + b + 4/(-2). Suppose 0 = 4*f - 2*n - s + 3, -5*f + 115 = n. What is the tens digit of f?
2
Suppose -2*v + 29 = -5*v + 2*f, 3*f = -2*v - 15. Let q(u) = 1. Let r(y) = 6*y - 18. Let s(o) = -2*q(o) - r(o). What is the units digit of s(v)?
0
Let o be 12/9*-3*-2. Suppose 5*w - 147